 factor of 3483 and 5461?
43
What is the greatest common divisor of 3186 and 10443?
177
What is the highest common factor of 676 and 121342?
338
Calculate the highest common factor of 882 and 6566.
98
What is the greatest common factor of 379 and 1?
1
What is the greatest common divisor of 126 and 12782?
14
Calculate the greatest common factor of 30129 and 726.
363
Calculate the greatest common divisor of 1928 and 106522.
482
What is the highest common divisor of 284 and 263836?
284
What is the greatest common divisor of 61821 and 18?
9
What is the highest common factor of 37464 and 144?
24
What is the highest common factor of 192 and 15728?
16
What is the highest common factor of 6902 and 918?
34
Calculate the greatest common factor of 8655947 and 139.
139
What is the highest common divisor of 584 and 97163?
73
Calculate the highest common divisor of 704 and 76096.
64
Calculate the highest common divisor of 1809 and 2520.
9
Calculate the highest common divisor of 109 and 604623.
109
Calculate the greatest common divisor of 3 and 9593.
1
Calculate the greatest common factor of 74 and 452917.
37
Calculate the highest common factor of 24949 and 427.
61
What is the greatest common divisor of 36 and 81648?
36
Calculate the highest common factor of 32874 and 42.
6
Calculate the greatest common factor of 46216 and 530.
106
What is the highest common divisor of 217520 and 80?
80
What is the highest common divisor of 313006 and 19?
19
What is the highest common divisor of 28485 and 1215?
135
Calculate the highest common divisor of 44 and 2673.
11
What is the highest common factor of 689111 and 19?
19
Calculate the highest common divisor of 1005 and 28073.
67
Calculate the greatest common factor of 5862 and 2514.
6
Calculate the greatest common divisor of 40690 and 130.
130
Calculate the greatest common factor of 2001 and 115161.
69
Calculate the greatest common divisor of 1310 and 270.
10
Calculate the greatest common factor of 102 and 39627.
51
Calculate the greatest common divisor of 213310 and 2056.
514
Calculate the highest common factor of 20116 and 8132.
428
Calculate the greatest common factor of 9432090 and 90.
90
What is the highest common divisor of 236 and 14219?
59
Calculate the greatest common factor of 550868 and 221.
17
What is the highest common factor of 18 and 73107?
9
What is the greatest common divisor of 579 and 39179?
193
Calculate the greatest common factor of 250045 and 1290.
215
Calculate the greatest common factor of 3710 and 13727.
371
Calculate the highest common factor of 13188 and 4404.
12
What is the highest common factor of 98294 and 14?
14
What is the highest common factor of 1267359 and 3?
3
What is the greatest common divisor of 689 and 3133?
13
Calculate the greatest common factor of 46752 and 64.
32
What is the greatest common factor of 248 and 64108?
124
What is the greatest common divisor of 26 and 243?
1
Calculate the highest common divisor of 4098 and 78.
6
What is the highest common divisor of 20313797 and 469?
469
What is the greatest common divisor of 2538 and 1458?
54
Calculate the highest common divisor of 274363 and 51.
17
What is the greatest common factor of 245 and 45080?
245
Calculate the greatest common divisor of 73255 and 46.
23
Calculate the highest common divisor of 1571388 and 182.
182
Calculate the greatest common factor of 5670 and 450.
90
Calculate the highest common divisor of 97028 and 69596.
508
What is the highest common factor of 1771 and 53889?
253
Calculate the greatest common factor of 944 and 48.
16
Calculate the greatest common divisor of 10 and 851250.
10
Calculate the greatest common divisor of 154979 and 4015.
803
What is the highest common divisor of 379740 and 140?
20
What is the highest common factor of 10019 and 1548?
43
Calculate the highest common divisor of 91842 and 66.
6
What is the highest common divisor of 42504 and 770?
154
What is the highest common divisor of 2940 and 5180?
140
What is the greatest common factor of 65484 and 2996?
428
What is the greatest common divisor of 1152 and 552168?
72
Calculate the greatest common factor of 10633 and 675955.
1519
Calculate the highest common factor of 174577 and 19627.
1033
What is the greatest common factor of 28877 and 49996?
431
What is the highest common divisor of 4125 and 605?
55
What is the highest common divisor of 12480 and 32064?
192
What is the highest common divisor of 25 and 33830?
5
Calculate the greatest common factor of 39 and 1133548.
13
What is the greatest common factor of 7728 and 37168?
368
What is the greatest common factor of 16 and 160712?
8
Calculate the greatest common factor of 1454225 and 25.
25
Calculate the greatest common factor of 44 and 6094.
22
What is the greatest common factor of 11100 and 53132?
148
Calculate the highest common factor of 780 and 589680.
780
Calculate the greatest common divisor of 2046732 and 2032.
508
What is the greatest common divisor of 1716 and 137148?
132
Calculate the greatest common divisor of 39063 and 696.
87
What is the highest common divisor of 49640 and 6545?
85
What is the highest common divisor of 737 and 1991?
11
Calculate the highest common divisor of 107595 and 135.
135
What is the greatest common divisor of 105 and 921615?
15
Calculate the greatest common divisor of 69758 and 338.
26
Calculate the highest common divisor of 294 and 534.
6
Calculate the greatest common divisor of 230 and 66760.
10
Calculate the highest common divisor of 8591 and 121.
121
What is the highest common divisor of 335804 and 536?
268
Calculate the highest common factor of 24702 and 9844.
46
Calculate the highest common factor of 496 and 957776.
496
What is the highest common divisor of 38103 and 39?
39
Calculate the highest common divisor of 191207 and 9378.
521
Calculate the highest common factor of 795348 and 24.
12
What is the highest common divisor of 90 and 3665010?
30
What is the highest common factor of 183109 and 781?
71
Calculate the greatest common factor of 55 and 38181.
11
What is the greatest common divisor of 519 and 85635?
519
What is the greatest common divisor of 32 and 7916?
4
What is the highest common divisor of 49704 and 28?
4
Calculate the greatest common divisor of 10 and 3180235.
5
Calculate the highest common divisor of 364614 and 134.
134
What is the highest common divisor of 796 and 10?
2
What is the greatest common divisor of 820 and 21484?
164
Calculate the highest common factor of 47244 and 1905.
381
What is the greatest common factor of 3674 and 33?
11
Calculate the highest common divisor of 9576 and 21.
21
Calculate the highest common divisor of 6319 and 1513.
89
Calculate the highest common divisor of 13137 and 5742.
87
What is the highest common divisor of 858 and 4337619?
429
What is the highest common divisor of 1467 and 4564?
163
Calculate the greatest common factor of 18755 and 2189.
11
Calculate the greatest common factor of 190 and 2664845.
95
What is the highest common divisor of 3564 and 93636?
324
Calculate the highest common factor of 12 and 79422.
6
Calculate the highest common factor of 2242 and 190.
38
Calculate the highest common factor of 641168 and 176.
176
What is the greatest common divisor of 77 and 109901?
11
What is the highest common factor of 16280 and 120?
40
What is the greatest common divisor of 6680 and 127087?
167
Calculate the greatest common factor of 13 and 284843.
13
Calculate the greatest common divisor of 416076 and 24.
12
Calculate the highest common factor of 3027959 and 33.
11
Calculate the greatest common factor of 3240 and 335.
5
Calculate the highest common factor of 132484 and 1012.
44
Calculate the greatest common divisor of 17632 and 1576.
8
What is the greatest common divisor of 103175 and 375?
25
What is the highest common factor of 2541 and 3003?
231
Calculate the highest common factor of 68237 and 362.
181
What is the highest common divisor of 19278 and 1323?
189
Calculate the highest common factor of 11979 and 41019.
363
Calculate the highest common divisor of 118 and 31152.
118
Calculate the greatest common factor of 58506 and 19104.
1194
Calculate the greatest common divisor of 52 and 149708.
52
What is the greatest common divisor of 1573 and 3952?
13
Calculate the highest common factor of 